e greatest common divisor of f and 64.
16
Let v be (1 + -1 - 0/15)/1. Suppose v = -0*c - 5*c + 100. Calculate the greatest common factor of c and 160.
20
Let r(z) = 1148*z**2 - 13*z - 13. Let j be r(-1). What is the greatest common divisor of 56 and j?
28
Let c = -3164 + 3197. Suppose 3*z = z + 88. Calculate the highest common divisor of c and z.
11
Suppose 169 - 778 = 7*i. Let k = 222 + i. Calculate the greatest common divisor of k and 54.
27
Let q = -2038 - -2044. Calculate the highest common factor of q and 33.
3
Suppose 0 = 4*v + 4*i - 448, 2*v + 4*i - 236 = -i. What is the greatest common factor of v and 27?
27
Let v(z) = 9*z**2 - 5*z + 14. Let p be v(4). Calculate the highest common factor of p and 46.
46
Let a = -3 + 10. Let w be -7*((-96)/a)/4. Suppose 2*p - 11 + 5 = 0. Calculate the highest common factor of p and w.
3
Let q = 1609 - 1576. What is the greatest common divisor of 737 and q?
11
Suppose -5*r = -73 + 58, 0 = 4*g + 3*r - 1257. Calculate the highest common divisor of 195 and g.
39
Let y = 69 + -111. Let u = -14 - y. Suppose 0 = -3*l + m + 45, 3*m + 6 = m. Calculate the highest common factor of u and l.
14
Let j = 39 + -27. Let x(o) = -2*o - 2. Let y be x(-3). What is the greatest common factor of y and j?
4
Let s(g) = -337*g + 16. Let f be s(4). Let m be -5*(3 + (f/20)/3). What is the highest common divisor of m and 12?
12
Suppose 159*g = 145*g + 378. What is the greatest common factor of 1 and g?
1
Let d be (-2 + 0)*(-4 - -9 - 16). Suppose -m = -5*m - g + 127, -5*g + 140 = 5*m. What is the greatest common factor of d and m?
11
Suppose -3*i + 0*i = -4*a + 33, -5*i = -25. Let y(k) = 10*k - 3. Let j be y(-4). Let t = 41 - j. What is the highest common divisor of a and t?
12
Suppose -7*s + 2*s + 120 = 0. Let p be s + (5 - (1 - -1))/(-1). What is the greatest common divisor of 7 and p?
7
Suppose 43*x = 29*x + 1456. Calculate the greatest common divisor of x and 13.
13
Suppose 0 = 25*o - 422 - 1028. Calculate the greatest common divisor of o and 58.
58
Let r = 12 + -7. Suppose -r = -3*f + 1. Suppose 36 = -b + f*b. What is the greatest common factor of 9 and b?
9
Let s(w) = -4*w - 56. Let r be s(-18). Calculate the highest common divisor of r and 224.
16
Let z = -148 - -193. Calculate the greatest common factor of z and 135.
45
Let z be 1/((-11)/(-6)) - 32490/(-209). What is the highest common factor of z and 1326?
78
Suppose 0 = -12*z + 131 - 35. Suppose -5*v + 198 = p, 5*v - 8*v + 4*p + 128 = 0. Calculate the greatest common factor of z and v.
8
Suppose 0*z + 2*z = 54. Let m be (-16588)/(-928) - (-2)/16. Calculate the highest common factor of z and m.
9
Let a = 1737 - 1704. Calculate the highest common divisor of 3531 and a.
33
Suppose -4*m - 2640 = -8*m. Suppose -4*i = 2*i - m. Calculate the greatest common divisor of 10 and i.
10
Let b(o) = -o**3 - 21*o**2 + 42*o - 2. Let k be b(-23). What is the highest common factor of k and 54?
18
Let f(q) = q**3 - 5*q**2 - 7*q - 17. Let h = 1 + 7. Let p be f(h). Calculate the greatest common factor of 7 and p.
7
Suppose -3*d = 2*r - 125, 12*r - 11*r = -5*d + 80. Calculate the greatest common divisor of r and 385.
55
Suppose -2*q - 21 + 60 = 5*d, 3*d = 4*q + 13. Let p = 20 - d. What is the highest common divisor of p and 91?
13
Let n be (-38)/(-8) + (-2 - 36/(-16)). Suppose -l = -t + 31, -2*t + n*l = -7*t + 205. What is the greatest common factor of t and 12?
12
Let g be (-1 + 28)/(16 - (-3094)/(-196)). Calculate the highest common divisor of g and 28.
14
Let w = 34 + -23. Let h = 24 - -5. Suppose -3*q + h = -u, -4*q - q = -2*u - 47. What is the greatest common factor of w and q?
11
Let f(k) = 5*k + 7. Let p be f(-5). Let l = p - 24. Let d be (-12)/(-7)*l/(-4). Calculate the greatest common divisor of 72 and d.
18
Let r(k) = -k - 5. Let n be r(-4). Let w be n + -12*1 - 0. Let b = 23 + w. Calculate the highest common factor of 50 and b.
10
Suppose -4*u = j - 14, 2*j - 2*u + 3*u - 35 = 0. Calculate the greatest common divisor of 558 and j.
18
Let s = 1315 + -1306. What is the greatest common divisor of s and 15?
3
Let g = -316 + 536. Let d = -28 + 30. Suppose 0 = -d*u + 40. Calculate the highest common factor of u and g.
20
Let n(i) = i**3 + 5*i**2 - 12*i - 44. Let v be n(-4). Suppose -11 = -5*z + 4. Suppose 83 - z = 4*k. What is the highest common factor of v and k?
20
Let c = 2 - -50. What is the highest common factor of c and 39?
13
Let q = 1054 - 88. What is the greatest common divisor of q and 84?
42
Let t be 1*(-7 + 5)*-7*14. Calculate the greatest common divisor of t and 84.
28
Let t = 1407 + -1405. Calculate the greatest common factor of 148 and t.
2
Let b = 19 + -14. Suppose b + 3 = a. Suppose 0 = -2*d + a, -k + d - 2 = -12. What is the greatest common factor of 98 and k?
14
Suppose 24 - 104 = -2*z. What is the highest common factor of 35 and z?
5
Suppose 0 = j - 3*w - 9, -7*j = -3*j - 5*w - 29. Let z = -515 + 545. What is the highest common factor of z and j?
6
Suppose 0 = 3*t + 2*t - 125. Let o = t + -19. What is the greatest common factor of 3 and o?
3
Suppose 0 + 5 = -h, -4*a = -5*h - 8565. Calculate the highest common divisor of a and 122.
61
Suppose -14*i - 175 = -19*i. Let c = 67 - i. Let u = 17 + -9. What is the highest common divisor of c and u?
8
Let q(n) = 5*n - 3. Let l be q(2). Suppose 2*j = -0*j + c + 10, 0 = 2*j + 2*c - 22. What is the greatest common factor of l and j?
7
Let h = -626 + 650. What is the greatest common divisor of h and 56?
8
Let u be (-6*(-6)/12)/((-9)/(-33)). Calculate the highest common factor of 77 and u.
11
Let u(z) = -36*z - 5. Let g(o) = -o + 1. Let a(b) = 3*g(b) + u(b). Let d be a(-3). Let c = -15 + 61. What is the highest common factor of c and d?
23
Suppose 4*p + v = 2*v + 45, 2*p = -4*v + 36. Calculate the greatest common divisor of p and 444.
12
Let c(k) = -3*k**2 + 2*k + 2. Let h be c(-3). Let q = h + -10. Let d = q + 59. What is the greatest common divisor of d and 6?
6
Let z(o) = -o**2 + 11*o - 13. Let n be z(3). Let t be (31/2)/(5/(-10)). Let l = t + 42. Calculate the greatest common divisor of n and l.
11
Let r = -114 - 4. Let j = r + 228. What is the greatest common factor of 11 and j?
11
Suppose -2*y = 2*f - 20 - 12, -y - 4*f = -4. Suppose 13*n - 150 = 8*n. What is the greatest common divisor of y and n?
10
Let n be (-15)/(-1)*(-155 - -158). Calculate the greatest common divisor of 780 and n.
15
Let f = 100 - -32. Calculate the greatest common factor of f and 33.
33
Suppose -7*w + 2*w + 495 = 5*t, w - 4*t - 99 = 0. Calculate the greatest common factor of w and 66.
33
Suppose 0 = h - 5*q - 31, -2*q - 112 = -5*h + 20. Suppose h = 10*s + 6. Calculate the highest common factor of 10 and s.
2
Let x = 254 + -146. Suppose 0*i - 2*d - x = -4*i, -110 = -4*i + 3*d. What is the highest common divisor of i and 286?
26
Suppose 2*w = 298 + 126. Suppose -w - 8 = -5*p. Suppose 0 = -5*f + c + 396, f - 4*c - 20 - p = 0. Calculate the highest common factor of f and 10.
10
Suppose 4*l = 2*v - l - 1851, 3*l - 4581 = -5*v. Calculate the greatest common divisor of v and 34.
34
Let f(u) = 3*u - 10. Let b be f(4). Suppose -b*d - 3*d + 3*z + 269 = 0, d = 4*z + 64. Calculate the greatest common factor of d and 13.
13
Let z(f) = f**2 + f + 38. Let r be z(17). Let m be r/16 + (6/4 - 0). Calculate the greatest common factor of 92 and m.
23
Suppose -1005 = -3*y + 2*r, -2*y + 0*r = r - 663. What is the greatest common divisor of y and 74?
37
Let v(m) = -4*m + 9. Let b be v(0). Calculate the greatest common factor of b and 144.
9
Suppose 4*u = -0*m - 2*m - 56, -2*m + 56 = -3*u. Let s be (-18)/(-8)*u/3. Let t be 44*1*(-18)/s. What is the highest common divisor of t and 6?
6
Let k be ((-4)/3)/((-9)/27). Suppose k*m = -m. Suppose -h - 485 = -5*x, m*h + 93 = x - h. Calculate the greatest common divisor of x and 14.
14
Suppose -27 + 35 = 2*d. Let h(s) = s**3 - 4*s**2 + 6*s - 2. Let w be h(d). Let a(p) = p - 1. Let z be a(3). What is the highest common divisor of w and z?
2
Let o(h) = 3*h**2 + 9*h + 33. Let w be o(-14). What is the greatest common divisor of w and 275?
55
Let j(s) = 10*s**3 + s**2 - s. Let k be j(1). Let l(r) = -r**2 + 2*r + 8. Let y be l(-2). Let p = y - -70. Calculate the highest common factor of p and k.
10
Suppose -3*v + 3*d + 27 = 0, -v + 18 = v +